+ 10*p**2 + 34*p + 24. Let m(x) = 2*x - 42. Let l be m(27). Let c be r(l). Calculate the greatest common divisor of c and 12.
12
Let k(q) = -4*q**3 - 2*q**2 - 2*q - 1. Let x be k(-2). Suppose -4*f - 4*j - 8 = 0, 287*j = 4*f + 285*j - 40. What is the highest common divisor of x and f?
3
Let t(r) = -5*r - 25. Let q be t(-25). Suppose 3*f = 4*y - 101, 2*y - 29 = y + 2*f. Suppose -4*o + 17 = -y. Calculate the highest common divisor of o and q.
10
Let v(s) = -s**3 + 39*s**2 - 222*s - 44. Let c be v(32). Calculate the greatest common factor of c and 4990.
10
Let q(g) be the third derivative of g**5/15 + 5*g**4/24 + 3*g**3 + 2*g**2 - 5. Let i be q(-4). What is the greatest common divisor of i and 806?
62
Suppose -g = 3*k - 409, -9*g = -3*k - 13*g + 403. Suppose 5*a - k = -f, a - 3*f - 21 = -0*a. What is the greatest common factor of 117 and a?
9
Let q(d) = 70*d**2 + 3*d - 1. Let a be q(-2). Suppose a*u - 707 = 272*u. What is the highest common divisor of 202 and u?
101
Suppose -18*b = -5*b - 4*b - 738. What is the greatest common divisor of 14842 and b?
82
Suppose 0 = v + m + 480, 20*m - 23*m = -5*v - 2432. Let i = -481 - v. What is the highest common divisor of 4 and i?
1
Let g = 21 - -52. Suppose 6*v + 55 = g. Let z be (-392)/(-21) - (8/v - 2). What is the highest common divisor of z and 81?
9
Suppose 3*p + 5*y = 0, -2*p = -469*y + 471*y - 12. Let x = 12 - 7. What is the greatest common divisor of p and x?
5
Let m(f) = 2*f**3 + 98*f**2 - 63*f - 241. Let t be m(-42). Calculate the greatest common divisor of t and 82.
41
Let s be -6*((70/(-15))/2 + -1). Suppose 16 = 4*t + 4. Suppose 4*i = -11 - 9, 2*j + 7 = -t*i. What is the greatest common factor of j and s?
4
Suppose 4*a = -2*t - 0*a + 54, 4*a + 16 = 0. Suppose 0 = -4*f + f - 1890. Let i be 0 - 4/(8/f). Calculate the highest common factor of i and t.
35
Let o be 2/(-3) + 41344/51. What is the greatest common factor of 90 and o?
90
Let i = 184 - 176. Suppose -i*s + 4*s = -60. Suppose 0 = 4*f - 471 + 51. Calculate the highest common divisor of s and f.
15
Let z be (-1)/2 - 91/(-14). Suppose 18*b - 20*b - z = 0. Let t be (0/b - 1) + 36. Calculate the greatest common factor of t and 7.
7
Let g(n) = n**3 - 26*n**2 + 50. Let d be (438/(-42) + 3)/(4/(-14)). Let t be g(d). Calculate the highest common factor of t and 50.
50
Suppose -3*q + 265 = 4*o, 5*q - 434 = -3*o + 4*o. Let v = -76 + 1. Let r = q + v. What is the greatest common divisor of r and 4?
4
Let v(c) = -c**3 - 14*c**2 + 16*c + 21. Let l be v(-15). Suppose -42 - l = -12*h. Suppose h*r = 47 + 17. What is the highest common divisor of r and 224?
16
Suppose -29*r + 27*r = 2*v - 2862, -4*v = 3*r - 4289. Calculate the greatest common divisor of 35 and r.
35
Let j be (-53 + (-4)/(-1))/(-1). Let a = -6 + 17. Let r = a + j. What is the highest common divisor of 24 and r?
12
Let o(d) = 23*d - 1. Let u be o(2). Let q be (2/(8/20))/(15/18). Let k be 630/q*(-4)/(-14). What is the greatest common divisor of u and k?
15
Suppose -6*x - 10*x + 335104 = 12*x. Calculate the greatest common divisor of x and 187.
187
Suppose -j + 680 = 2*a, -2*a + 3376 = -17*j + 22*j. Let x = 696 - j. Calculate the greatest common factor of x and 506.
22
Let s be (-480)/200*75/(-6). Calculate the highest common factor of 1215 and s.
15
Suppose 21 = 4*g + 1. Suppose 0 + 3 = -i, 74 = g*o - 3*i. Suppose -2*h + 7 + o = 0. What is the greatest common divisor of h and 200?
10
Let k(c) = c**2 + 42*c - 127. Let v be k(-45). Suppose 198 = -5*j + v*j + 3*b, 132 = 2*j - 2*b. What is the greatest common factor of 33 and j?
33
Let s(u) = u**3 - 14*u**2 - 7*u + 5. Let w(i) = i**2 - 17*i + 85. Let f be w(7). Let b be s(f). Calculate the greatest common divisor of b and 25.
25
Let b be ((-12)/(-9))/((-1)/(-15)). Let n(i) = -i**2 - 12*i + 45. Let k be n(-20). Let f = 119 + k. What is the greatest common divisor of f and b?
4
Let w = 335 - 92. Suppose 4*r + 4*n - 36 = 0, -3*r - 45*n + 27 = -41*n. Calculate the highest common factor of r and w.
9
Let p(g) = 2*g**2 + g - 2. Let o(u) = 3*u**2 + 2*u - 124. Let t(v) = -o(v) + 2*p(v). Let w be t(0). Calculate the greatest common factor of 30 and w.
30
Suppose -1012 = -3*j - j. Let x = 122 + -107. Let i be (-5)/x - (-1 - 134/6). What is the greatest common divisor of j and i?
23
Let k(t) = -5*t + 2*t + 23 + 2*t. Let s be (7 - (-360)/(-56)) + 66/7. Let u be k(s). Calculate the highest common divisor of u and 104.
13
Let q(y) = 232*y**2 + 5*y + 4. Let n be q(-1). Let u = -543 - -576. What is the greatest common factor of u and n?
33
Let d be (-10)/15*1*-33. Let w(h) = -22*h - 77. Let c be w(-9). Calculate the highest common factor of d and c.
11
Let o(h) = 51*h + 1350. Let g be o(-18). What is the highest common divisor of g and 720?
144
Suppose 0 = 63*b - 1000 - 319 + 59. Calculate the greatest common divisor of 6520 and b.
20
Suppose -15*f - 11*f - 141*f + 487640 = 0. What is the greatest common factor of f and 100?
20
Suppose -5 + 2 = -3*k, -3*w - 2*k = -410. Suppose 62*f = 236 + w. What is the highest common factor of f and 2?
2
Suppose 3*t = -4*t + 21. Let v(l) = -l**2 - l - 6. Let h be v(t). Let n be h/(-30) - (-57)/5. What is the greatest common divisor of 108 and n?
12
Suppose 7*o - 523 - 1542 = 0. Let y(c) = -c**2 + 26*c - 43. Let z be y(2). What is the greatest common divisor of z and o?
5
Suppose -147*c + 146309 = -419347. What is the greatest common factor of c and 832?
104
Suppose o + 17*f = 21*f + 311, -634 = -2*o - 4*f. Let x(r) = -2 - r - 7*r - 3. Let d be x(-5). Calculate the highest common factor of d and o.
35
Suppose n = 2*s - 19 - 12, -2*s - 5*n + 49 = 0. Calculate the highest common divisor of 1003 and s.
17
Let f = 9383 - 5495. What is the highest common divisor of 24 and f?
24
Let v(z) = -2*z**3 - 27*z**2 + 40*z + 201. Let m be v(-15). Calculate the greatest common divisor of 636 and m.
12
Let q = -6 + 8. Let t(x) = 59*x - 107. Let z be t(2). Let o be 21/(336/(-80)) + z + -1. Calculate the greatest common factor of o and q.
1
Let w = -6986 - -10612. Calculate the highest common factor of w and 222.
74
Let l(m) = -m**3 + 6*m**2 + 12*m - 31. Let q be l(7). Suppose -q*a + 35*a - 4092 = 0. Calculate the greatest common divisor of 297 and a.
33
Let v(s) = 497*s - 1251. Let l be v(3). What is the greatest common divisor of 72 and l?
24
Let i(d) = d - 156 + 322 - 7*d. Let u be i(26). What is the highest common divisor of 190 and u?
10
Let k be (-1 + (-486)/14)*(-3 - 4). Let n = 286 - k. Calculate the highest common factor of 54 and n.
18
Let v = 40 - -3. Let b = v + -41. Suppose -7*z + i + 200 = -b*z, 4*z = -5*i + 160. What is the greatest common divisor of 10 and z?
10
Suppose 0 = -5*z - 20, -4*h + z - 32 + 100 = 0. Let y = 372 + -164. Calculate the highest common divisor of y and h.
16
Let y = 2 - -5. Let t(n) = -62*n - 101. Let c be t(-2). Suppose -c = 2*h + z - 117, z - 45 = -h. What is the greatest common divisor of y and h?
7
Let n = 139 - 95. Suppose -3*h - 696 = -9*h. Let s = h - 6. Calculate the highest common factor of n and s.
22
Let c = 94 - -77. Let p = c + 346. Calculate the highest common divisor of p and 47.
47
Let f be -1*(-2)/(-1) + 3. Let u(c) = -4*c + 9*c**2 - 2 - f + 2*c - 7*c**2. Let i be u(3). Calculate the greatest common divisor of i and 72.
9
Let n(k) = k**3 + 14*k**2 + 9*k - 32. Suppose 104 = 4*r - 12*r. Let q be n(r). Calculate the greatest common divisor of 16 and q.
4
Let j(t) = -38*t + 5450. Let w be j(135). Calculate the highest common divisor of 1670 and w.
10
Let l be (-4)/10 + -6 + 160/25. Suppose -3*w + 3*n = -l*n - 15, -3*n = 0. Let m be 14/35 + 343/w. What is the highest common divisor of 23 and m?
23
Let j = 920 + 865. Calculate the highest common divisor of 63 and j.
21
Let i = -653 - -652. Let y be (6 + i + 1)*(1 + 1). Let q be 4/(-10) + 304/10. What is the greatest common factor of y and q?
6
Let z(u) = -9*u + 4210 - 4212 - 14*u. Let y be z(2). Let j = 104 + y. Calculate the highest common divisor of j and 14.
14
Suppose 0 = 21*y + 37*y + 12*y - 2940. What is the highest common divisor of y and 15?
3
Suppose 7*w = 10149 - 9309. What is the greatest common divisor of w and 1260?
60
Suppose -122304 = 323*w - 387*w. Calculate the greatest common factor of w and 42.
21
Let c(l) = -l**2 + 7*l - 3. Su